reatest common factor of 812 and 590092?
116
What is the greatest common factor of 1066680 and 27?
9
What is the greatest common divisor of 48 and 443748?
12
Calculate the greatest common divisor of 210078 and 12474.
198
What is the highest common factor of 90555 and 465?
15
What is the highest common factor of 25760 and 4370?
230
Calculate the highest common factor of 4390464 and 13.
13
What is the highest common factor of 833 and 3451?
119
What is the highest common divisor of 203216 and 39?
13
Calculate the greatest common factor of 5134 and 40477.
17
What is the greatest common factor of 19058 and 13?
13
Calculate the greatest common divisor of 30056 and 2198712.
2312
What is the greatest common factor of 78 and 24687?
39
What is the highest common factor of 24318 and 1638?
126
What is the greatest common divisor of 511200 and 117?
9
What is the highest common divisor of 2422 and 2198?
14
What is the greatest common divisor of 2714 and 30798?
118
What is the greatest common factor of 62282 and 418?
418
Calculate the highest common divisor of 218 and 119246.
218
What is the greatest common factor of 117 and 7461?
9
Calculate the greatest common divisor of 55142 and 2528.
158
What is the highest common factor of 429913 and 484?
121
Calculate the greatest common divisor of 8288 and 15008.
224
What is the greatest common divisor of 96 and 141216?
96
Calculate the highest common factor of 7780 and 110.
10
What is the greatest common divisor of 6499 and 268?
67
What is the greatest common factor of 324 and 61965?
81
Calculate the greatest common divisor of 768 and 324.
12
What is the highest common factor of 138 and 1017934?
46
What is the highest common factor of 39423 and 510?
51
Calculate the greatest common divisor of 669 and 7136.
223
Calculate the greatest common divisor of 220 and 2880.
20
Calculate the highest common factor of 289 and 82008.
17
What is the highest common divisor of 19154 and 244?
122
Calculate the greatest common factor of 1617725 and 25.
25
Calculate the highest common divisor of 32968 and 2219.
317
Calculate the greatest common factor of 43 and 184126.
43
What is the greatest common factor of 67086 and 198?
18
Calculate the greatest common factor of 1688 and 11605.
211
What is the greatest common divisor of 116 and 12748?
4
Calculate the greatest common factor of 1395 and 2655.
45
Calculate the greatest common divisor of 48366 and 162.
18
Calculate the greatest common divisor of 11536 and 2060.
412
Calculate the greatest common factor of 3204 and 222945.
267
Calculate the greatest common factor of 86859 and 54.
27
What is the greatest common factor of 24930 and 54?
18
What is the greatest common divisor of 104 and 4706?
26
Calculate the highest common factor of 18564 and 609.
21
What is the greatest common divisor of 1880 and 77456?
376
Calculate the greatest common divisor of 302356 and 17754.
538
What is the highest common factor of 2013 and 99?
33
Calculate the highest common divisor of 1321490 and 5150.
1030
Calculate the greatest common divisor of 70241 and 1.
1
Calculate the greatest common factor of 41979 and 3129.
21
What is the greatest common factor of 776466 and 2349?
81
Calculate the highest common factor of 272256 and 12.
12
Calculate the greatest common factor of 3 and 59952.
3
What is the greatest common factor of 11037 and 363372?
849
What is the highest common factor of 40625 and 1875?
625
What is the highest common factor of 1462 and 17286?
86
Calculate the highest common factor of 128144 and 144.
16
Calculate the highest common divisor of 684805 and 88.
11
Calculate the greatest common divisor of 1040 and 1720.
40
What is the greatest common factor of 1786 and 31208?
94
What is the highest common divisor of 458 and 846842?
458
What is the greatest common divisor of 462360 and 180?
60
What is the highest common factor of 162360 and 45?
45
Calculate the greatest common divisor of 846155 and 1832.
229
Calculate the highest common divisor of 76 and 5966.
38
What is the greatest common divisor of 173910 and 51?
51
Calculate the greatest common divisor of 464 and 13.
1
What is the greatest common divisor of 1479427 and 622?
311
What is the highest common divisor of 16800 and 18144?
672
Calculate the highest common factor of 83880 and 720.
360
Calculate the highest common divisor of 756 and 11151.
189
Calculate the greatest common factor of 1374 and 201291.
687
Calculate the greatest common factor of 16312 and 108.
4
Calculate the highest common factor of 3738 and 2058.
42
What is the greatest common factor of 66655 and 305?
5
What is the highest common factor of 4806 and 108?
54
What is the greatest common factor of 3 and 187349?
1
Calculate the greatest common divisor of 140 and 385630.
70
What is the greatest common divisor of 159 and 16134?
3
What is the highest common factor of 42 and 725578?
14
What is the greatest common factor of 2860 and 299585?
715
Calculate the highest common factor of 8536 and 8888.
88
Calculate the greatest common factor of 929920 and 1280.
640
What is the highest common factor of 129 and 23091?
129
Calculate the highest common divisor of 2090687 and 83.
83
What is the highest common factor of 3375 and 100875?
375
What is the highest common divisor of 756 and 2459352?
84
What is the greatest common divisor of 7648 and 311417?
239
Calculate the highest common divisor of 8729 and 6321.
301
What is the greatest common factor of 9344 and 9198?
146
Calculate the highest common factor of 436 and 208844.
436
What is the greatest common factor of 189 and 20958?
21
Calculate the highest common divisor of 1307 and 42.
1
Calculate the highest common factor of 141 and 460741.
47
Calculate the highest common divisor of 676 and 60664.
4
What is the greatest common factor of 424 and 55756?
212
What is the highest common divisor of 134 and 50?
2
Calculate the highest common divisor of 64610 and 2275.
455
Calculate the highest common divisor of 6919 and 176749.
629
Calculate the highest common divisor of 23146 and 213.
71
Calculate the greatest common factor of 15 and 4795.
5
Calculate the greatest common divisor of 9972 and 24.
12
What is the greatest common divisor of 46520 and 70?
10
What is the greatest common factor of 390 and 68055?
195
Calculate the highest common divisor of 640598 and 14.
14
Calculate the greatest common factor of 8 and 263.
1
What is the greatest common divisor of 61336 and 1886?
82
What is the greatest common factor of 489107 and 34?
17
Calculate the highest common factor of 124605 and 2343.
213
What is the highest common factor of 7 and 196693?
7
Calculate the highest common divisor of 4370 and 16682.
38
What is the greatest common factor of 2424 and 15?
3
What is the greatest common factor of 132 and 54996?
12
What is the highest common divisor of 17 and 24?
1
Calculate the greatest common factor of 148786 and 132.
22
What is the highest common factor of 180 and 202140?
180
What is the highest common divisor of 440105 and 6923?
989
What is the highest common divisor of 110245 and 680?
85
Calculate the highest common factor of 54 and 31554.
18
What is the greatest common divisor of 29082 and 592?
74
What is the greatest common factor of 84 and 73092?
12
Calculate the highest common divisor of 417703 and 23.
23
What is the greatest common divisor of 18335 and 1045?
95
What is the greatest common divisor of 6 and 268194?
6
What is the highest common factor of 4365 and 367921?
97
What is the greatest common factor of 1300619 and 17?
17
What is the highest common divisor of 111254 and 156?
26
Calculate the greatest common divisor of 39589 and 177.
59
Calculate the greatest common factor of 20752 and 112.
16
What is the highest common factor of 39 and 247195?
13
What is the highest common divisor of 54792 and 324?
36
What is the highest common factor of 14 and 1096?
2
What is the greatest common factor of 342020 and 87220?
980
What is the highest common divisor of 888 and 2940?
12
What is the greatest common divisor of 34299 and 15318?
333
Calculate the highest common factor of 187 and 7579.
11
What is the highest common factor of 185 and 50949?
37
What is the highest common factor of 99955 and 10?
5
Calculate the highest common divisor of 2478 and 3009.
177
Calculat